3980.
2796
What is the greatest common divisor of 3380400 and 86388?
3756
What is the greatest common divisor of 4862 and 59333417?
2431
What is the highest common divisor of 4 and 156993708?
4
What is the highest common factor of 250276 and 10054357?
4813
Calculate the greatest common divisor of 128268229 and 2549.
2549
What is the highest common divisor of 22498 and 107537226?
3214
What is the greatest common factor of 63473221 and 3759?
1253
Calculate the greatest common factor of 186162 and 1541736.
2622
What is the highest common divisor of 995 and 902065?
5
What is the greatest common divisor of 287 and 261303?
7
Calculate the greatest common divisor of 400 and 24576850.
50
Calculate the highest common divisor of 4947489 and 45.
9
What is the highest common factor of 17979 and 32019?
39
Calculate the highest common factor of 34196 and 51603.
103
Calculate the highest common factor of 232490 and 146395.
335
What is the highest common factor of 6946396 and 8?
4
What is the highest common factor of 27740 and 4266485?
365
What is the highest common divisor of 1681095 and 385515?
195
What is the greatest common factor of 490909 and 2159544?
1139
What is the greatest common divisor of 5 and 3886543?
1
Calculate the greatest common factor of 259 and 2806062.
7
What is the highest common divisor of 401495 and 9145?
295
What is the greatest common divisor of 11554082 and 1878?
626
What is the highest common divisor of 10976 and 5732902?
686
What is the greatest common factor of 183 and 19253613?
183
What is the greatest common factor of 1460960 and 318320?
1840
What is the greatest common divisor of 79950 and 101790?
390
What is the highest common divisor of 335 and 33899990?
335
Calculate the greatest common factor of 1998 and 166469586.
222
What is the highest common factor of 336 and 9864096?
48
Calculate the greatest common divisor of 1505045 and 4097.
241
Calculate the greatest common factor of 1623936 and 11136.
384
What is the highest common divisor of 87 and 1324702716?
87
What is the highest common divisor of 476 and 31640315?
119
What is the greatest common factor of 834 and 21282429?
417
What is the greatest common divisor of 693205 and 185?
5
Calculate the highest common factor of 20016 and 173841462.
2502
What is the highest common factor of 93 and 57036621?
93
Calculate the highest common divisor of 32484453 and 6618.
3309
What is the highest common factor of 2388 and 35538614?
398
Calculate the highest common divisor of 4998 and 68646.
102
Calculate the highest common factor of 3355 and 40388344.
61
Calculate the highest common factor of 40 and 1242843680.
40
Calculate the highest common factor of 332889 and 14997999.
8997
What is the highest common factor of 882 and 198679908?
294
Calculate the greatest common divisor of 6695 and 68186.
103
Calculate the greatest common factor of 152080475 and 225.
25
What is the highest common factor of 103411 and 417802?
77
Calculate the greatest common factor of 187000 and 8687.
17
What is the greatest common divisor of 322 and 106949126?
46
Calculate the greatest common factor of 13545055 and 670.
335
What is the highest common divisor of 16336 and 1906207?
1021
What is the greatest common divisor of 65702 and 655018?
182
What is the greatest common divisor of 88 and 20485839?
11
Calculate the highest common factor of 742 and 10528322.
14
Calculate the greatest common factor of 58468 and 394348.
1244
What is the greatest common factor of 34855941 and 1?
1
Calculate the greatest common divisor of 31142643 and 55146.
2121
What is the highest common divisor of 1501396 and 39052?
52
Calculate the greatest common factor of 32 and 72752.
16
Calculate the highest common divisor of 249932665 and 5.
5
Calculate the greatest common factor of 658065 and 513.
57
Calculate the highest common factor of 107848 and 73576.
136
What is the highest common divisor of 164300 and 13100?
100
What is the greatest common factor of 88296791 and 11?
11
What is the highest common factor of 662 and 330931483?
331
Calculate the greatest common factor of 543420 and 170.
10
What is the greatest common divisor of 78334671 and 1977?
1977
Calculate the greatest common factor of 9225 and 998350.
1025
What is the greatest common divisor of 1563014384 and 444?
148
Calculate the highest common factor of 8304 and 1253212.
692
Calculate the greatest common divisor of 1718384 and 1864976.
8144
Calculate the highest common divisor of 5355988 and 132.
44
What is the highest common factor of 1702324 and 364?
52
What is the greatest common divisor of 2367594 and 486?
18
What is the highest common factor of 80961036 and 26?
26
What is the greatest common factor of 11828 and 34484534?
5914
Calculate the highest common factor of 10426940 and 920.
20
What is the greatest common divisor of 31281173 and 102?
17
What is the greatest common factor of 12208 and 95144?
56
Calculate the highest common factor of 876962 and 46478.
34
Calculate the highest common divisor of 3991309 and 287.
287
Calculate the greatest common divisor of 193 and 24169583.
193
Calculate the greatest common divisor of 17383644 and 4896.
36
Calculate the highest common factor of 351499 and 108931.
1123
Calculate the highest common divisor of 52 and 150188.
4
Calculate the highest common factor of 4328 and 68664.
8
Calculate the highest common divisor of 2667 and 12029367.
21
Calculate the greatest common divisor of 1785 and 252675675.
1785
Calculate the greatest common factor of 1148 and 91526309.
287
What is the greatest common divisor of 1809885 and 35343?
231
Calculate the highest common factor of 29268 and 4428.
108
Calculate the greatest common factor of 429 and 9597822.
39
Calculate the highest common divisor of 607538 and 3503.
31
Calculate the highest common divisor of 3876 and 3454086.
114
Calculate the greatest common divisor of 57128170 and 198.
22
What is the greatest common divisor of 6221167 and 493?
493
Calculate the highest common divisor of 27 and 349342821.
27
Calculate the highest common divisor of 2126 and 498856333.
1063
Calculate the greatest common divisor of 68384 and 10319573.
2137
Calculate the greatest common factor of 130 and 194615.
5
What is the greatest common factor of 568 and 32858516?
284
Calculate the greatest common divisor of 108 and 1144623.
3
What is the highest common divisor of 161010200 and 28600?
2600
What is the greatest common factor of 3396 and 1567254?
1698
Calculate the highest common factor of 73 and 88405336.
73
What is the greatest common factor of 293375 and 2553536?
2347
What is the highest common divisor of 49097610 and 14454?
1314
What is the greatest common divisor of 40 and 8400460?
20
What is the greatest common factor of 12306 and 101195754?
1758
What is the greatest common factor of 284133 and 394426?
53
What is the greatest common factor of 357150 and 3630?
30
Calculate the greatest common divisor of 821417 and 30639.
1459
What is the greatest common divisor of 1960035 and 910?
35
What is the greatest common factor of 401 and 74278433?
401
Calculate the highest common divisor of 32124156 and 1107.
123
Calculate the greatest common divisor of 518720 and 2720.
160
What is the greatest common factor of 52583700 and 120?
60
What is the greatest common divisor of 6475 and 614201?
7
What is the greatest common divisor of 4607 and 253521?
17
Calculate the highest common factor of 2499735 and 34055.
245
Calculate the greatest common divisor of 1005428 and 1256.
628
What is the greatest common factor of 47830152 and 168?
24
Calculate the greatest common factor of 336 and 378448.
112
Calculate the highest common divisor of 8 and 4825628.
4
Calculate the highest common divisor of 4704938 and 332.
166
What is the highest common divisor of 389012 and 20644?
52
Calculate the greatest common factor of 19662000 and 1050960.
6960
Calculate the highest common factor of 16867467 and 57.
3
Calculate the greatest common factor of 2494 and 13110958.
2494
Calculate the highest common divisor of 11268 and 10493325.
2817
Calculate the highest common factor of 47102 and 3289.
11
What is the highest common divisor of 664 and 120712876?
332
What is the highest common divisor of 90343 and 11407?
11
Calculate the greatest common divisor of